of 26764393.
1741, 15373
What are the prime factors of 3277315?
5, 79, 8297
What are the prime factors of 6579280?
2, 5, 82241
List the prime factors of 2780801.
2780801
What are the prime factors of 4579160?
2, 5, 114479
What are the prime factors of 26431001?
26431001
What are the prime factors of 10772541?
3, 13, 47, 653
List the prime factors of 6246828.
2, 3, 7, 8263
List the prime factors of 920946.
2, 3, 13, 11807
What are the prime factors of 27673298?
2, 1973, 7013
List the prime factors of 2385293.
2385293
What are the prime factors of 7187970?
2, 3, 5, 31, 59, 131
What are the prime factors of 8143232?
2, 113, 563
What are the prime factors of 7986947?
7986947
List the prime factors of 2383590.
2, 3, 5, 11, 31, 233
List the prime factors of 122675.
5, 7, 701
List the prime factors of 102401.
13, 7877
List the prime factors of 16638097.
7, 83, 4091
List the prime factors of 1667258.
2, 17, 49037
What are the prime factors of 6900271?
7, 179, 5507
List the prime factors of 177002.
2, 7, 47, 269
What are the prime factors of 5053181?
7, 721883
What are the prime factors of 14376901?
7, 11, 19, 31, 317
List the prime factors of 519872.
2, 8123
List the prime factors of 2516104.
2, 314513
What are the prime factors of 250094?
2, 13, 9619
List the prime factors of 7084021.
7, 41, 24683
List the prime factors of 13697807.
37, 239, 1549
What are the prime factors of 2128935?
3, 5, 71, 1999
What are the prime factors of 4042876?
2, 1010719
List the prime factors of 83236.
2, 20809
List the prime factors of 245200.
2, 5, 613
List the prime factors of 9123221.
61, 149561
List the prime factors of 10962662.
2, 41, 133691
List the prime factors of 274996.
2, 68749
List the prime factors of 1539275.
5, 23, 2677
List the prime factors of 1643119.
139, 11821
What are the prime factors of 285379?
17, 16787
What are the prime factors of 4270966?
2, 7, 305069
What are the prime factors of 2751892?
2, 11, 13, 17, 283
What are the prime factors of 464492?
2, 7, 53, 313
What are the prime factors of 438026?
2, 19, 11527
What are the prime factors of 4553845?
5, 263, 3463
What are the prime factors of 7643410?
2, 5, 764341
List the prime factors of 1375677.
3, 50951
What are the prime factors of 2245715?
5, 37, 61, 199
List the prime factors of 108462.
2, 3, 18077
List the prime factors of 129050.
2, 5, 29, 89
What are the prime factors of 2842870?
2, 5, 29, 9803
What are the prime factors of 12396504?
2, 3, 516521
What are the prime factors of 413626?
2, 206813
List the prime factors of 1677964.
2, 419491
What are the prime factors of 7614985?
5, 7, 97, 2243
What are the prime factors of 3847338?
2, 3, 11, 17, 127
What are the prime factors of 4305?
3, 5, 7, 41
List the prime factors of 12117756.
2, 3, 7, 144259
What are the prime factors of 1687564?
2, 421891
List the prime factors of 1111642.
2, 7, 271, 293
List the prime factors of 9955882.
2, 149, 33409
What are the prime factors of 818133?
3, 23, 71, 167
What are the prime factors of 7137609?
3, 2379203
What are the prime factors of 14638663?
13, 569, 1979
What are the prime factors of 303183?
3, 19, 197
List the prime factors of 4792172.
2, 7, 11, 15559
List the prime factors of 476757.
3, 52973
What are the prime factors of 7497532?
2, 7, 37, 7237
What are the prime factors of 432059?
432059
List the prime factors of 133664.
2, 4177
What are the prime factors of 605346?
2, 3, 7, 29, 71
What are the prime factors of 251367?
3, 23, 3643
What are the prime factors of 1331596?
2, 7, 19, 2503
List the prime factors of 7477428.
2, 3, 7, 89017
What are the prime factors of 1066221?
3, 13, 701
What are the prime factors of 170167?
170167
List the prime factors of 412997.
13, 31769
List the prime factors of 311183.
311183
List the prime factors of 559576.
2, 113, 619
List the prime factors of 323561.
7, 17, 2719
What are the prime factors of 574132?
2, 13, 61, 181
What are the prime factors of 151198?
2, 17, 4447
List the prime factors of 16871616.
2, 3, 17, 1723
List the prime factors of 289881.
3, 31, 1039
List the prime factors of 778855.
5, 7, 11, 17
What are the prime factors of 10825?
5, 433
What are the prime factors of 581239?
581239
What are the prime factors of 12940175?
5, 31, 59, 283
What are the prime factors of 7588618?
2, 3794309
List the prime factors of 599504.
2, 89, 421
What are the prime factors of 516787?
23, 22469
List the prime factors of 4089910.
2, 5, 11, 37181
List the prime factors of 812948.
2, 41, 4957
List the prime factors of 944877.
3, 17, 97, 191
List the prime factors of 277442.
2, 11, 12611
What are the prime factors of 1205345?
5, 241069
List the prime factors of 12210901.
19, 373, 1723
List the prime factors of 1183985.
5, 11, 19, 103
What are the prime factors of 180973?
13, 13921
What are the prime factors of 2615699?
2615699
What are the prime factors of 210656?
2, 29, 227
What are the prime factors of 1037418?
2, 3, 43, 4021
What are the prime factors of 314021?
314021
List the prime factors of 11442389.
7, 19, 227, 379
What are the prime factors of 2407109?
37, 67, 971
What are the prime factors of 1828439?
1828439
List the prime factors of 136566.
2, 3, 281
List the prime factors of 3045575.
5, 13, 9371
List the prime factors of 18168230.
2, 5, 601, 3023
List the prime factors of 650512.
2, 109, 373
What are the prime factors of 2703702?
2, 3, 450617
What are the prime factors of 817822?
2, 408911
List the prime factors of 80859.
3, 26953
List the prime factors of 5310115.
5, 41, 25903
What are the prime factors of 1037524?
2, 259381
List the prime factors of 34325315.
5, 23, 59, 5059
List the prime factors of 456524.
2, 61, 1871
What are the prime factors of 80158?
2, 13, 3083
List the prime factors of 125544.
2, 3, 5231
What are the prime factors of 134461?
43, 53, 59
What are the prime factors of 1226515?
5, 31, 41, 193
What are the prime factors of 125634?
2, 3, 20939
List the prime factors of 4474274.
2, 7, 319591
What are the prime factors of 747230?
2, 5, 11, 6793
What are the prime factors of 6804085?
5, 149, 9133
What are the prime factors of 113674?
2, 11, 5167
What are the prime factors of 5537162?
2, 1319, 2099
What are the prime factors of 355644?
2, 3, 37, 89
List the prime factors of 350259.
3, 7, 13, 1283
List the prime factors of 268297.
268297
What are the prime factors of 328888?
2, 7, 839
List the prime factors of 8504982.
2, 3, 79, 5981
What are the prime factors of 323626?
2, 103, 1571
What are the prime factors of 46194?
2, 3, 7699
List the prime factors of 1453284.
2, 3, 7, 73, 79
What are the prime factors of 4849278?
2, 3, 7, 115459
What are the prime factors of 288599?
41, 7039
What are the prime factors of 9734074?
2, 7, 83, 8377
What are the prime factors of 66096?
2, 3, 17
List the prime factors of 80728.
2, 10091
What are the prime factors of 294739?
359, 821
List the prime factors of 2789808.
2, 3, 7, 19, 23
List the prime factors of 12108471.
3, 17, 137, 1733
What are the prime factors of 1436798?
2, 11, 65309
What are the prime factors of 1175466?
2, 3, 409, 479
What are the prime factors of 1323071?
163, 8117
What are the prime factors of 57831?
3, 37, 521
What are the prime factors of 2007893?
41, 48973
List the prime factors of 772561.
821, 941
What are the prime factors of 1434939?
3, 11, 59, 67
What are the prime factors of 233659?
41, 139
List the prime factors of 2920753.
11, 17, 15619
List the prime factors of 310114.
2, 7, 17, 1303
List the prime factors of 456509.
307, 1487
What are the prime factors of 17749844?
2, 7, 633923
List the prime factors of 1356976.
2, 84811
What are the prime factors of 1493075?
5, 59723
What are the prime factors of 259953?
3, 73, 1187
List the prime factors of 689976.
2, 3, 7, 37
List the prime factors of 174195.
3, 5, 7, 79
List the prime factors of 233327.
233327
What are the prime factors of 2139537?
3, 571, 1249
List the prime factors of 938301.
3, 7, 13, 491
What are the prime factors of 356049?
3, 13187
List the prime factors of 7988763.
3, 2662921
What are the prime factors of 246500?
2, 5, 17, 29
What are the prime factors of 15946760?
2, 5, 398669
List the prime factors of 141872.
2, 8867
What are the prime factors of 44368?
2, 47, 59
What are the prime factors of 2320716?
2, 